d**2 - 17*d. Let j be c(17). What is the tens digit of r(j)?
4
Suppose 0 = 5*u + 5*g + 110, -71 = -50*u + 53*u + 4*g. Let p be -19*(-2 + (5 - 2)). Let i = u - p. What is the units digit of i?
2
Let j be (-2 - 12)*93/(-6). Suppose -p - 103 = 31. Let z = p + j. What is the units digit of z?
3
Let k be 153/63 - 4/(-7). Suppose 0 = 3*l - d - d, 0 = -5*l - 5*d. Suppose -k*v - 23 + 68 = l. What is the tens digit of v?
1
Let k = -36 - -36. Let u be 24/8 - (246/(-2) - k). Suppose 3*b - 4*d = 4*b - u, 5*b - 4*d = 726. What is the tens digit of b?
4
Let g(a) = 36*a**2 - 99 - 6*a + 15 - 52*a**2 - a**3. What is the units digit of g(-18)?
2
What is the units digit of (18/24)/((-90)/(-1678200))?
5
Suppose -2*w + 0 - 10 = 0, 0 = f - 3*w - 215. Let u = f + 288. What is the units digit of u?
8
Suppose 7*o = 6*o + 6. Let l be o/3 + 7*52. What is the units digit of (-1 + 6)*l/30?
1
Let s(u) = -3*u - 3*u + 5 - 17 + 5*u. Let x be s(-14). What is the tens digit of (x/8 + 1)/((-2)/(-80))?
5
Let j = -4864 - -13173. What is the units digit of j?
9
Let d(r) = -2*r**3 - 2*r**2 - 3. Let x be d(-3). Let o be x/6 + 1/2. What is the tens digit of 11/(-66) + 7/o + 31?
3
Let c = 549 - 554. What is the tens digit of c/((-100)/(-1704))*150/(-20)?
3
Suppose -18*x + 13*x + 15455 = 0. Suppose -x = -13*g - 660. What is the tens digit of g?
8
Let o(j) = 250*j - 2*j**2 - 196*j + 0*j**2 + 2. What is the tens digit of o(6)?
5
Let x = 39 + -16. Let n = x + -18. What is the hundreds digit of 41*4 - ((-15)/(-3))/n?
1
Suppose -u - 53777 = -5*u - 9945. What is the units digit of u?
8
Let f(t) = -t**3 + 92*t**2 - 131*t + 205. What is the tens digit of f(88)?
5
Let g(o) = o**2 - 4*o - 3. Let n be g(5). Suppose -3*k = -n*y + 32, -3*y + 5*k + 68 = y. What is the units digit of 26/(-5)*(17 - y)?
6
Let m be (-39)/(-4)*(-72)/27. Let w = -21 - m. What is the units digit of (-3 + w)/(2/77)?
7
Let b = -6862 + 15378. What is the units digit of b?
6
Let q(m) = -7*m + 45. Let s be q(6). Suppose 3*x + 284 = 5*x - 2*f, -s*x + 421 = 2*f. What is the hundreds digit of x?
1
Let d be (5/15)/((-3)/81). Let b(s) = -2*s**2 + 5*s + 7. Let l be b(d). Let r = -106 - l. What is the tens digit of r?
9
Let k(v) = 5*v + 132. Let y be k(-26). What is the units digit of 135*y - 14/(-7)?
2
Suppose -2*g + 8 = 0, -5*p - 5*g + 46 = -3*p. Suppose 0 = -p*h + 9*h + 28. Suppose h*x = 4*x + 99. What is the tens digit of x?
3
Let x = -355 - -370. What is the units digit of (x - (-434)/(-28))*-4*116?
2
Suppose 0*f - 4*o = -3*f - 20, -3*f = -5*o + 25. Let h = 17 - 11. Suppose f = -h*d + 12 - 6. What is the units digit of d?
1
Suppose 72145*i + 354681 = 72154*i. What is the tens digit of i?
0
Suppose 116 - 26 = 30*j. Suppose -446 = j*p + n - 2384, 2584 = 4*p - n. What is the tens digit of p?
4
Suppose -12*z - 17416 + 39004 = 0. What is the units digit of z?
9
Let t = -47 + 31. Let n be t/10*(-250)/(-20). Let d = 99 + n. What is the units digit of d?
9
Suppose -47187 = -5*h - 2*b, -2*h + 152*b + 18870 = 154*b. What is the units digit of h?
9
Suppose -s = 23*d - 19*d - 31814, 4*d - 2*s - 31796 = 0. What is the thousands digit of d?
7
Suppose 0 = -p - 5*i - 1229, 5*p - 3*i = -i - 6199. Let y = -826 - p. What is the tens digit of y?
1
Let h = -2710 - -14018. What is the thousands digit of h?
1
Suppose -150 = -52*c + 110. Let m = -6 + 8. Suppose -c*x + 249 = -m*x. What is the tens digit of x?
8
Suppose -1680 = -3*b - 420. Let r = b + -287. Suppose -4*d + x + r = d, -d + 25 = -x. What is the units digit of d?
7
Let k(y) = y**2 - 9*y + 4. Let b be k(9). Suppose 5*w + m = 5*m + 26, -b*w - 3*m - 4 = 0. What is the hundreds digit of ((-4)/w)/((-4)/424)?
2
Let d(u) = 4833*u - 2478. What is the hundreds digit of d(5)?
6
Let i be (-4)/(2 + (-704)/356). Let l = 337 + i. Let b = -61 + l. What is the units digit of b?
8
Let m(w) = -w**3 + 7*w**2 + 8*w - 2. Let p be m(13). Let k = -495 - p. What is the tens digit of k?
1
Let l(y) = -y**3 + 9*y**2 - 7*y - 5. Let b(n) be the second derivative of 2*n**4/3 + n**3/3 + n**2/2 - 11*n. Let p be b(-1). What is the units digit of l(p)?
4
Suppose 2*t = -3*v - 2*v + 28, -v - 4 = -2*t. Let o(u) be the first derivative of u**3/3 - 7*u**2/2 + 16*u - 1. What is the units digit of o(v)?
4
Let i(b) = -26*b + 36. Let t(o) = o + 1. Let g(z) = 2*i(z) - 22*t(z). Let q be g(-6). Suppose -4*n = m - 9*n - 116, q = 4*m - 5*n. What is the tens digit of m?
2
Let f = 3521 - -2752. What is the units digit of f?
3
Suppose -2*s = -3*j - 41324, -5*s - 4*j + 51347 = -51894. What is the thousands digit of s?
0
Let l(r) = r**3 + 3*r - 2. Let s be l(1). Suppose 4*o = -6 + s. What is the units digit of (0/o + -6)*-3?
8
What is the hundreds digit of (76/(-152))/((-1)/13166)?
5
Let g be (-40)/(-4)*1/2. Suppose -g*s + 15 = 5*f, 0 = -4*s - 2*f + 3*f + 22. Suppose -3*a = -w + 91, w - 184 = -w + s*a. What is the tens digit of w?
9
Let y(u) = u - 9. Let r be y(13). Suppose 2*b + 708 = r*f - 602, 3*f - 2*b = 980. What is the hundreds digit of f?
3
Let u be (-3 + 30/9)*2889 + 1. Suppose 7*b - u = 3*b. What is the units digit of b?
1
Let c = 585 - 559. Suppose c*o - o - 32725 = 0. What is the thousands digit of o?
1
Suppose -71217 = 82*l - 123*l. What is the units digit of l?
7
Let x = 17047 + -8266. What is the hundreds digit of x?
7
Let d(m) = 4*m**3 - 50*m**2 - 37*m + 9. What is the tens digit of d(28)?
8
Let f(s) = -s**3 + 12*s**2 - 16*s + 11. Let p be f(11). Let z be (p/16 + 2)*-44 + 4. Suppose z*u = 38*u - 12. What is the tens digit of u?
1
Let d(s) = -2*s - 1. Let l(v) = 9*v - 9. Let z(p) = -5*d(p) - l(p). Let w(u) = 11*u + 1. Let b be w(1). What is the units digit of z(b)?
6
Suppose -1449 = 10*l + 841. Let j = -134 - l. What is the units digit of j?
5
Let y(g) = 41*g + 1459. What is the hundreds digit of y(56)?
7
Let b = 1483 + -972. Let z = -336 + b. What is the units digit of z?
5
Let p(m) = -26*m - 144. Let x be (15/(30/16))/(-1). What is the units digit of p(x)?
4
Let r = -1942 + 4768. Suppose -2*i - 2260 = -4*d, 2*d - 3*i = -3*d + r. What is the hundreds digit of d?
5
Suppose 30*z - 34*z - 2308 = 0. Let n = z + 852. What is the units digit of n?
5
Let g(t) = t + 23. Let j be g(-16). Suppose 2*d = j*d + 15. Let h(y) = -21*y - 16. What is the units digit of h(d)?
7
Let x = -1306 - -54431. What is the ten thousands digit of x?
5
Let m(l) = 36 + 7*l + 93 - 2 + 88 + 7*l. What is the units digit of m(21)?
9
Suppose 842289 = 28*r + 92*r - 4829511. What is the tens digit of r?
6
Let q be 4 + 4/(3 - 2) + -5. What is the tens digit of -5 + 498 - 0*q/9?
9
Suppose -3*p + 86030 = 4463. What is the units digit of p?
9
Suppose -2*i = -2*c - 161046, c - 135 + 140 = 0. What is the ten thousands digit of i?
8
Let g = -4201 + 5885. Suppose 171 = -4*p + 5*y + 3567, -2*p - y = -g. What is the units digit of p?
4
Suppose 0 = -5*d - 5, 2*d = -t + 3*t - 4434. Let o = t - 883. What is the thousands digit of o?
1
Let j be (-30)/40*(9 + -1). Let v be 993/(-9) - ((-10)/j + -1). Let u = -65 - v. What is the tens digit of u?
4
Let u be ((-21)/28 - -1)*56. Suppose -19470 = 3*j - u*j. What is the thousands digit of j?
1
Suppose -46*m + 45*m + 8225 = -4*s, -4*m - 2*s + 32882 = 0. What is the hundreds digit of m?
2
Suppose 4*w - 1699 = -3*c + 316, 673 = c + 2*w. Suppose -c = -11*r + 24. What is the units digit of r?
3
Let i be 360/(-16)*(-6)/5. Let c be (i + 1)*1/2. What is the units digit of 80/c*63/18?
0
Let i(r) be the second derivative of -r**5/20 + 7*r**4/12 + 23*r**3/6 - 2*r**2 - 12*r. What is the hundreds digit of i(7)?
1
Suppose -16758 = -u - 3*k, 0 = -4*k + 169 - 177. What is the tens digit of u?
6
Let b(j) = -j**3 + 12*j**2 - 9*j - 16. Let n be 2/5 + (-53)/(-5). Let z be b(n). What is the tens digit of -349*z/(-78) - 4/(-26)?
2
What is the hundreds digit of 8813 - 1/((48/360)/((-4)/6))?
8
Suppose 0 = -4*v + 22*v + 54. Let p(r) = -15*r**3 - r**2 + 7*r. What is the tens digit of p(v)?
7
Let l(g) = 2*g**3 - 127*g**2 - 78*g - 1721. What is the hundreds digit of l(69)?
2
Let x = -123 - -125. Suppose -x*b + 2271 = 3*b - n, 4*n - 2291 = -5*b. What is the tens digit of b?
5
Let b = 26735 + -12995. What is the tens digit of b?
4
Suppose -9*a - 28 = -7*a. What is the tens digit of a/(-21) - (-399)/9?
4
Let q = 25293 + -17191. What is the thousands digit of q?
8
S